{"id":199,"date":"2020-08-23T22:42:26","date_gmt":"2020-08-23T20:42:26","guid":{"rendered":"http:\/\/wp.celine-gerny.fr\/?page_id=199"},"modified":"2020-08-23T22:42:31","modified_gmt":"2020-08-23T20:42:31","slug":"quattro-doreal","status":"publish","type":"page","link":"http:\/\/wp.celine-gerny.fr\/?page_id=199","title":{"rendered":"Quattro d&rsquo;Or\u00e9al"},"content":{"rendered":"\n<div class=\"wp-block-media-text alignwide\"><figure class=\"wp-block-media-text__media\"><img decoding=\"async\" loading=\"lazy\" width=\"776\" height=\"1024\" src=\"http:\/\/wp.celine-gerny.fr\/wp-content\/uploads\/2020\/08\/20369695_10212021512627001_7438163374077752349_o-776x1024.jpg\" alt=\"\" class=\"wp-image-201\" srcset=\"http:\/\/wp.celine-gerny.fr\/wp-content\/uploads\/2020\/08\/20369695_10212021512627001_7438163374077752349_o-776x1024.jpg 776w, http:\/\/wp.celine-gerny.fr\/wp-content\/uploads\/2020\/08\/20369695_10212021512627001_7438163374077752349_o-227x300.jpg 227w, http:\/\/wp.celine-gerny.fr\/wp-content\/uploads\/2020\/08\/20369695_10212021512627001_7438163374077752349_o-768x1014.jpg 768w, http:\/\/wp.celine-gerny.fr\/wp-content\/uploads\/2020\/08\/20369695_10212021512627001_7438163374077752349_o.jpg 837w\" sizes=\"(max-width: 767px) 89vw, (max-width: 1000px) 54vw, (max-width: 1071px) 543px, 580px\" \/><\/figure><div class=\"wp-block-media-text__content\">\n<p><em>N\u00e9 le 03 avril 2004<\/em><\/p>\n\n\n\n<p><strong><em>Naisseur&nbsp;: Alexis Ore<\/em><\/strong><\/p>\n\n\n\n<p><strong><em>Propri\u00e9taire&nbsp;: Mme. C\u00e9line Gerny \/ Mme. Anne Willefert \/ Mme. Sophie Battin<\/em><\/strong><\/p>\n<\/div><\/div>\n\n\n\n<p>Reconnaissable entre mille avec sa frange taill\u00e9e \u00e0 la perfection, ce qu&rsquo;on peut dire c&rsquo;est que Quattro, dit Roy, a une vraie personnalit\u00e9 ! Castr\u00e9 tardivement (11 ans), il a gard\u00e9 le caract\u00e8re imp\u00e9tueux d&rsquo;un \u00e9talon et peut parfois montrer un caract\u00e8re de feu. Il faut bien souvent faire \u00e0 sa mani\u00e8re et il sait le faire comprendre ! Et pourtant, une fois en selle je sais que je peux lui accorder toute ma confiance.<\/p>\n\n\n\n<p>Roy a rejoint mon aventure en 2017, ann\u00e9e au cours de laquelle il a concouru sous ma selle, en tant que deuxi\u00e8me cheval pour \u00e9pauler Landiro et m&rsquo;a accompagn\u00e9e lors du CPEDI de Somma Lombardo (Italie) et du CPEDI de Uberhernn (Allemagne) o\u00f9 nous d\u00e9crochons une belle deuxi\u00e8me place, ce qui constitue une belle performance pour notre jeune couple de l&rsquo;\u00e9poque.<\/p>\n\n\n\n<p>Notre histoire s&rsquo;est poursuivie en 2018, suite \u00e0 la fin de ma collaboration avec Landiro. <\/p>\n\n\n\n<p>Aujourd&rsquo;hui, de retour dans les Ardennes, Roy a quitt\u00e9 les carr\u00e9s de para-dressage mais est devenu le partenaire id\u00e9al pour former les futurs candidats au BPJEPS Activit\u00e9s \u00e9questres.<\/p>\n\n\n\n<div class=\"wp-block-image\"><figure class=\"aligncenter size-large\"><img decoding=\"async\" loading=\"lazy\" width=\"448\" height=\"299\" src=\"http:\/\/wp.celine-gerny.fr\/wp-content\/uploads\/2020\/08\/roy.jpg\" alt=\"\" class=\"wp-image-202\" srcset=\"http:\/\/wp.celine-gerny.fr\/wp-content\/uploads\/2020\/08\/roy.jpg 448w, http:\/\/wp.celine-gerny.fr\/wp-content\/uploads\/2020\/08\/roy-300x200.jpg 300w\" sizes=\"(max-width: 448px) 100vw, 448px\" \/><\/figure><\/div>\n","protected":false},"excerpt":{"rendered":"<p>N\u00e9 le 03 avril 2004 Naisseur&nbsp;: Alexis Ore Propri\u00e9taire&nbsp;: Mme. C\u00e9line Gerny \/ Mme. Anne Willefert \/ Mme. Sophie Battin Reconnaissable entre mille avec sa frange taill\u00e9e \u00e0 la perfection, ce qu&rsquo;on peut dire c&rsquo;est que Quattro, dit Roy, a une vraie personnalit\u00e9 ! Castr\u00e9 tardivement (11 ans), il a gard\u00e9 le caract\u00e8re imp\u00e9tueux d&rsquo;un &hellip; <\/p>\n<p class=\"link-more\"><a href=\"http:\/\/wp.celine-gerny.fr\/?page_id=199\" class=\"more-link\">Continuer la lecture<span class=\"screen-reader-text\"> de &laquo;&nbsp;Quattro d&rsquo;Or\u00e9al&nbsp;&raquo;<\/span><\/a><\/p>\n","protected":false},"author":2,"featured_media":0,"parent":0,"menu_order":0,"comment_status":"closed","ping_status":"closed","template":"","meta":[],"_links":{"self":[{"href":"http:\/\/wp.celine-gerny.fr\/index.php?rest_route=\/wp\/v2\/pages\/199"}],"collection":[{"href":"http:\/\/wp.celine-gerny.fr\/index.php?rest_route=\/wp\/v2\/pages"}],"about":[{"href":"http:\/\/wp.celine-gerny.fr\/index.php?rest_route=\/wp\/v2\/types\/page"}],"author":[{"embeddable":true,"href":"http:\/\/wp.celine-gerny.fr\/index.php?rest_route=\/wp\/v2\/users\/2"}],"replies":[{"embeddable":true,"href":"http:\/\/wp.celine-gerny.fr\/index.php?rest_route=%2Fwp%2Fv2%2Fcomments&post=199"}],"version-history":[{"count":2,"href":"http:\/\/wp.celine-gerny.fr\/index.php?rest_route=\/wp\/v2\/pages\/199\/revisions"}],"predecessor-version":[{"id":204,"href":"http:\/\/wp.celine-gerny.fr\/index.php?rest_route=\/wp\/v2\/pages\/199\/revisions\/204"}],"wp:attachment":[{"href":"http:\/\/wp.celine-gerny.fr\/index.php?rest_route=%2Fwp%2Fv2%2Fmedia&parent=199"}],"curies":[{"name":"wp","href":"https:\/\/api.w.org\/{rel}","templated":true}]}}

Quattro d&rsquo;Oréal

<div class="wp-block-media-text alignwide"><figure class="wp-block-media-text__media"><img decoding="async" loading="lazy" width="776" height="1024" src="http://wp.celine-gerny.fr/wp-content/uploads/2020/08/20369695_10212021512627001_7438163374077752349_o-776x1024.jpg" alt="" class="wp-image-201" srcset="http://wp.celine-gerny.fr/wp-content/uploads/2020/08/20369695_10212021512627001_7438163374077752349_o-776x1024.jpg 776w, http://wp.celine-gerny.fr/wp-content/uploads/2020/08/20369695_10212021512627001_7438163374077752349_o-227x300.jpg 227w, http://wp.celine-gerny.fr/wp-content/uploads/2020/08/20369695_10212021512627001_7438163374077752349_o-768x1014.jpg 768w, http://wp.celine-gerny.fr/wp-content/uploads/2020/08/20369695_10212021512627001_7438163374077752349_o.jpg 837w" sizes="(max-width: 767px) 89vw, (max-width: 1000px) 54vw, (max-width: 1071px) 543px, 580px" /></figure><div class="wp-block-media-text__content">
<p><em>Né le 03 avril 2004</em></p>



<p><strong><em>Naisseur&nbsp;: Alexis Ore</em></strong></p>



<p><strong><em>Propriétaire&nbsp;: Mme. Céline Gerny / Mme. Anne Willefert / Mme. Sophie Battin</em></strong></p>
</div></div>



<p>Reconnaissable entre mille avec sa frange taillée à la perfection, ce qu&rsquo;on peut dire c&rsquo;est que Quattro, dit Roy, a une vraie personnalité ! Castré tardivement (11 ans), il a gardé le caractère impétueux d&rsquo;un étalon et peut parfois montrer un caractère de feu. Il faut bien souvent faire à sa manière et il sait le faire comprendre ! Et pourtant, une fois en selle je sais que je peux lui accorder toute ma confiance.</p>



<p>Roy a rejoint mon aventure en 2017, année au cours de laquelle il a concouru sous ma selle, en tant que deuxième cheval pour épauler Landiro et m&rsquo;a accompagnée lors du CPEDI de Somma Lombardo (Italie) et du CPEDI de Uberhernn (Allemagne) où nous décrochons une belle deuxième place, ce qui constitue une belle performance pour notre jeune couple de l&rsquo;époque.</p>



<p>Notre histoire s&rsquo;est poursuivie en 2018, suite à la fin de ma collaboration avec Landiro. </p>



<p>Aujourd&rsquo;hui, de retour dans les Ardennes, Roy a quitté les carrés de para-dressage mais est devenu le partenaire idéal pour former les futurs candidats au BPJEPS Activités équestres.</p>



<div class="wp-block-image"><figure class="aligncenter size-large"><img decoding="async" loading="lazy" width="448" height="299" src="http://wp.celine-gerny.fr/wp-content/uploads/2020/08/roy.jpg" alt="" class="wp-image-202" srcset="http://wp.celine-gerny.fr/wp-content/uploads/2020/08/roy.jpg 448w, http://wp.celine-gerny.fr/wp-content/uploads/2020/08/roy-300x200.jpg 300w" sizes="(max-width: 448px) 100vw, 448px" /></figure></div>

<p>Né le 03 avril 2004 Naisseur&nbsp;: Alexis Ore Propriétaire&nbsp;: Mme. Céline Gerny / Mme. Anne Willefert / Mme. Sophie Battin Reconnaissable entre mille avec sa frange taillée à la perfection, ce qu&rsquo;on peut dire c&rsquo;est que Quattro, dit Roy, a une vraie personnalité ! Castré tardivement (11 ans), il a gardé le caractère impétueux d&rsquo;un &hellip; </p>
<p class="link-more"><a href="http://wp.celine-gerny.fr/?page_id=199" class="more-link">Continuer la lecture<span class="screen-reader-text"> de &laquo;&nbsp;Quattro d&rsquo;Oréal&nbsp;&raquo;</span></a></p>
