{"id":216,"date":"2020-08-23T23:11:54","date_gmt":"2020-08-23T21:11:54","guid":{"rendered":"http:\/\/wp.celine-gerny.fr\/?page_id=216"},"modified":"2020-08-23T23:11:54","modified_gmt":"2020-08-23T21:11:54","slug":"bo-vb","status":"publish","type":"page","link":"http:\/\/wp.celine-gerny.fr\/?page_id=216","title":{"rendered":"Bo VB"},"content":{"rendered":"\n<div class=\"wp-block-media-text alignwide\"><figure class=\"wp-block-media-text__media\"><img decoding=\"async\" loading=\"lazy\" width=\"235\" height=\"291\" src=\"http:\/\/wp.celine-gerny.fr\/wp-content\/uploads\/2020\/08\/Bo.jpg\" alt=\"\" class=\"wp-image-178\"\/><\/figure><div class=\"wp-block-media-text__content\">\n<p class=\"has-normal-font-size\"><em>N\u00e9e le 7 juin 2001<br>Naisseur : (VB) :\u00a0<strong>Van Baele Ronny \u00e0 B.2450 Meerhout<br><\/strong>Propri\u00e9taires\u00a0:\u00a0<strong>Florence Collignon, Philippe Celerier, Serge Cantin.<\/strong><\/em> <\/p>\n<\/div><\/div>\n\n\n\n<p>Bo est une grande jument, un peu brusque \u00e0 pied mais elle se r\u00e9v\u00e8le tr\u00e8s attentive et douce \u00e0 cheval. D\u00e9j\u00e0 surnomm\u00e9e Bobinette par mes soins, je me suis employ\u00e9e \u00e0 adoucir son humeur de fille au boxe \u00e0 coup de carottes\u00a0!<\/p>\n\n\n\n<p><em>D<\/em>ress\u00e9e par An Verloy, elle fut championne de dressage de Belgique \u00e0 4 ans puis a tourn\u00e9 en niveau B.<\/p>\n\n\n\n<p>Achet\u00e9e d\u00e9but 2010 en vue de faire profiter de ses qualit\u00e9s le dressage handisport, son intervention au sein de l\u2019\u00e9quipe a \u00e9t\u00e9 plus rapide que pr\u00e9vu et de bonne augure car 3 mois apr\u00e8s son arriv\u00e9e en France la voil\u00e0 sacr\u00e9s championne de France de dressage handisport en grade IB.<\/p>\n\n\n\n<p>Notre rencontre a eu lieu d\u00e9but mai de cette m\u00eame ann\u00e9e, pour un championnat de France pr\u00e9vu d\u00e9but juin. Par chance, notre entente a \u00e9t\u00e9 imm\u00e9diate et Bo a compris rapidement mes codes, ce qui est LA difficult\u00e9 pour passer un cheval en grade I.<\/p>\n\n\n\n<p>Nos deux premiers concours ont \u00e9t\u00e9 couronn\u00e9s de succ\u00e8s et nous avons obtenu brillamment nos minimas pour partir aux Jeux \u00e9questres mondiaux de Lexington. Nous revenons des Etats Unis avec une belle 4\u00e8me place.<\/p>\n\n\n\n<div class=\"wp-block-image\"><figure class=\"aligncenter size-large\"><img decoding=\"async\" loading=\"lazy\" width=\"448\" height=\"298\" src=\"http:\/\/wp.celine-gerny.fr\/wp-content\/uploads\/2020\/08\/bo-copie.jpg\" alt=\"\" class=\"wp-image-217\" srcset=\"http:\/\/wp.celine-gerny.fr\/wp-content\/uploads\/2020\/08\/bo-copie.jpg 448w, http:\/\/wp.celine-gerny.fr\/wp-content\/uploads\/2020\/08\/bo-copie-300x200.jpg 300w\" sizes=\"(max-width: 448px) 100vw, 448px\" \/><\/figure><\/div>\n","protected":false},"excerpt":{"rendered":"<p>N\u00e9e le 7 juin 2001Naisseur : (VB) :\u00a0Van Baele Ronny \u00e0 B.2450 MeerhoutPropri\u00e9taires\u00a0:\u00a0Florence Collignon, Philippe Celerier, Serge Cantin. Bo est une grande jument, un peu brusque \u00e0 pied mais elle se r\u00e9v\u00e8le tr\u00e8s attentive et douce \u00e0 cheval. D\u00e9j\u00e0 surnomm\u00e9e Bobinette par mes soins, je me suis employ\u00e9e \u00e0 adoucir son humeur de fille au &hellip; <\/p>\n<p class=\"link-more\"><a href=\"http:\/\/wp.celine-gerny.fr\/?page_id=216\" class=\"more-link\">Continuer la lecture<span class=\"screen-reader-text\"> de &laquo;&nbsp;Bo VB&nbsp;&raquo;<\/span><\/a><\/p>\n","protected":false},"author":2,"featured_media":0,"parent":0,"menu_order":0,"comment_status":"closed","ping_status":"closed","template":"","meta":[],"_links":{"self":[{"href":"http:\/\/wp.celine-gerny.fr\/index.php?rest_route=\/wp\/v2\/pages\/216"}],"collection":[{"href":"http:\/\/wp.celine-gerny.fr\/index.php?rest_route=\/wp\/v2\/pages"}],"about":[{"href":"http:\/\/wp.celine-gerny.fr\/index.php?rest_route=\/wp\/v2\/types\/page"}],"author":[{"embeddable":true,"href":"http:\/\/wp.celine-gerny.fr\/index.php?rest_route=\/wp\/v2\/users\/2"}],"replies":[{"embeddable":true,"href":"http:\/\/wp.celine-gerny.fr\/index.php?rest_route=%2Fwp%2Fv2%2Fcomments&post=216"}],"version-history":[{"count":1,"href":"http:\/\/wp.celine-gerny.fr\/index.php?rest_route=\/wp\/v2\/pages\/216\/revisions"}],"predecessor-version":[{"id":218,"href":"http:\/\/wp.celine-gerny.fr\/index.php?rest_route=\/wp\/v2\/pages\/216\/revisions\/218"}],"wp:attachment":[{"href":"http:\/\/wp.celine-gerny.fr\/index.php?rest_route=%2Fwp%2Fv2%2Fmedia&parent=216"}],"curies":[{"name":"wp","href":"https:\/\/api.w.org\/{rel}","templated":true}]}}

<div class="wp-block-media-text alignwide"><figure class="wp-block-media-text__media"><img decoding="async" loading="lazy" width="235" height="291" src="http://wp.celine-gerny.fr/wp-content/uploads/2020/08/Bo.jpg" alt="" class="wp-image-178"/></figure><div class="wp-block-media-text__content">
<p class="has-normal-font-size"><em>Née le 7 juin 2001<br>Naisseur : (VB) : <strong>Van Baele Ronny à B.2450 Meerhout<br></strong>Propriétaires : <strong>Florence Collignon, Philippe Celerier, Serge Cantin.</strong></em> </p>
</div></div>



<p>Bo est une grande jument, un peu brusque à pied mais elle se révèle très attentive et douce à cheval. Déjà surnommée Bobinette par mes soins, je me suis employée à adoucir son humeur de fille au boxe à coup de carottes !</p>



<p><em>D</em>ressée par An Verloy, elle fut championne de dressage de Belgique à 4 ans puis a tourné en niveau B.</p>



<p>Achetée début 2010 en vue de faire profiter de ses qualités le dressage handisport, son intervention au sein de l’équipe a été plus rapide que prévu et de bonne augure car 3 mois après son arrivée en France la voilà sacrés championne de France de dressage handisport en grade IB.</p>



<p>Notre rencontre a eu lieu début mai de cette même année, pour un championnat de France prévu début juin. Par chance, notre entente a été immédiate et Bo a compris rapidement mes codes, ce qui est LA difficulté pour passer un cheval en grade I.</p>



<p>Nos deux premiers concours ont été couronnés de succès et nous avons obtenu brillamment nos minimas pour partir aux Jeux équestres mondiaux de Lexington. Nous revenons des Etats Unis avec une belle 4ème place.</p>



<div class="wp-block-image"><figure class="aligncenter size-large"><img decoding="async" loading="lazy" width="448" height="298" src="http://wp.celine-gerny.fr/wp-content/uploads/2020/08/bo-copie.jpg" alt="" class="wp-image-217" srcset="http://wp.celine-gerny.fr/wp-content/uploads/2020/08/bo-copie.jpg 448w, http://wp.celine-gerny.fr/wp-content/uploads/2020/08/bo-copie-300x200.jpg 300w" sizes="(max-width: 448px) 100vw, 448px" /></figure></div>

<p>Née le 7 juin 2001Naisseur : (VB) : Van Baele Ronny à B.2450 MeerhoutPropriétaires : Florence Collignon, Philippe Celerier, Serge Cantin. Bo est une grande jument, un peu brusque à pied mais elle se révèle très attentive et douce à cheval. Déjà surnommée Bobinette par mes soins, je me suis employée à adoucir son humeur de fille au &hellip; </p>
<p class="link-more"><a href="http://wp.celine-gerny.fr/?page_id=216" class="more-link">Continuer la lecture<span class="screen-reader-text"> de &laquo;&nbsp;Bo VB&nbsp;&raquo;</span></a></p>
